9*f**2 + f + 4. Let b = -19 + 22. Let v be s(b). Let p = -40 + v. What are the prime factors of p?
2, 3
Suppose 0*h = 5*h - 75. Suppose b - h = 2*i, 2*b = 4*i - i + 25. Suppose 5*z - 1152 = -3*x + 6*x, x - 1136 = -b*z. List the prime factors of z.
2, 3, 19
Let u = 306 - 317. Let x(t) = 2*t**2 - 12*t - 56. What are the prime factors of x(u)?
2, 3, 53
Suppose p - 216 = -3*v - 22, 3*p - 582 = 4*v. Suppose p = z - 105. List the prime factors of z.
13, 23
Suppose -782*k - 6 = -785*k. Suppose -k*r = -7*r + 3*a + 3458, -3*a = 3*r - 2070. What are the prime factors of r?
691
What are the prime factors of 4/(-18) - (-5 + 301504/(-18))?
3, 5, 1117
Suppose -2*v + 5*l - l = -2344, 5*v + 3*l = 5808. List the prime factors of v.
2, 3, 97
Let r(o) = 33*o - 292. Let d = 773 - 763. What are the prime factors of r(d)?
2, 19
Suppose 14*x - 1921 = -5*h + 15*x, -4*h + 2*x + 1538 = 0. Suppose -2*b + h = -1832. What are the prime factors of b?
2, 277
What are the prime factors of (768774/136)/(9/12)?
7537
Let x(z) = -13*z + 143. Let m be x(0). Suppose -5*l = m - 1243. List the prime factors of l.
2, 5, 11
Suppose -133178 = -46*u + 9928. List the prime factors of u.
3, 17, 61
Let l be ((-14)/(-21))/((-4)/(-366)). Let x be 52/8 - (-3)/(-2). Suppose -l = -x*s + 29. What are the prime factors of s?
2, 3
What are the prime factors of 14047760/1246 + (-2)/7?
2, 3, 1879
Let l(k) = 1079*k**2 - 548*k - 52. What are the prime factors of l(-5)?
29663
Let b = -12 + 5. Let v(r) = 8*r**2 - r - 17. What are the prime factors of v(b)?
2, 191
Let t = -2315 + 3291. Let z = -307 + t. What are the prime factors of z?
3, 223
Suppose 0 = z - 3*z + 14. Let b(v) = 165*v - 157*v**2 - 153*v**2 - 180*v - 13 - 155*v**2 + 470*v**2. List the prime factors of b(z).
127
Let r(f) = 16*f**3 - 21*f**2 - 12*f + 2. List the prime factors of r(9).
9857
Let q = 208 - 95. Suppose -3*u + 88 + q = 0. What are the prime factors of u?
67
Suppose -5*z - 15 = -30. Let v(o) = -6 + 1 + 2*o**2 - 4*o**2 - o + 5*o**2. List the prime factors of v(z).
19
What are the prime factors of 95904/10 - 25*46/2875?
2, 5, 7, 137
Let m = -9652 + 16434. List the prime factors of m.
2, 3391
Let i(a) = -a**3 + 32*a**2 - 42*a - 14. Let x be i(30). Let y = -369 + x. List the prime factors of y.
157
Suppose 287*c - 280*c - 14 = 0. List the prime factors of -9 + 8 - (-11 + c/2).
3
Let d(w) = w**2 - 4*w + 6. Let n be d(9). Suppose 7*h + 219 = n. List the prime factors of 557/13 - h/156.
43
Let t(j) = j**3 + 16*j**2 - j - 14. Let o be t(-16). What are the prime factors of o/(16/(-20))*-90?
3, 5
Suppose 0 = -20*x + 4*x. Suppose x = -3*h + q + 955 + 597, 3*h + 4*q - 1547 = 0. What are the prime factors of h?
11, 47
Suppose -3*a = 7*k - 9*k + 13470, -k = -4*a - 6720. What are the prime factors of k?
2, 3, 281
Let q(w) = -2*w + 204. Suppose -6*a - 53 = -3*i - 2*a, -26 = -2*i - 2*a. List the prime factors of q(i).
2, 3, 29
Let u = 18409 + -9473. What are the prime factors of u?
2, 1117
Let k = 11981 + -4999. List the prime factors of k.
2, 3491
Suppose 0 = 6*d - 12*w + 9*w - 163731, 5*d = -5*w + 136390. List the prime factors of d.
3, 5, 17, 107
Suppose 5*h = -2*f + 10*h + 79, -4*h + 46 = f. Let i = -118 - -165. Let w = i - f. What are the prime factors of w?
5
Let i be (-6 + 2)*((-6 - -2) + 2). Let f be 5 + (6/(-24) - 22/i). Suppose -2*l - 5*w = f*l - 457, 0 = -5*w - 15. List the prime factors of l.
2, 59
Let f(d) = 27*d**2 + 12*d - 23. Let h be -16 + 16 - (-2)/(4/(-10)). What are the prime factors of f(h)?
2, 37
List the prime factors of (-1 + 5 - 6)*108225/(-50).
3, 13, 37
Suppose 6*a + 200 = 11*a. Suppose -52*c + 50*c = -a. What are the prime factors of c?
2, 5
Let q be (1 - 2)*(2 - -3). Let y(k) = 25*k**2 + 12*k - 11. What are the prime factors of y(q)?
2, 277
Let p(n) = -5*n + 25. Let i be p(4). Suppose 5*b = -i*d + 155, -2*b = -2*d - 0*d - 46. What are the prime factors of b?
3
Suppose 0 = 4*q - 8, 38*q = 5*p + 40*q - 19. Let h = 33 - 14. Suppose y + p = h. List the prime factors of y.
2
Suppose 0 = -0*h + 2*h + 3*h. Let w(j) be the second derivative of -j**4/12 + 81*j**2/2 + 5*j. What are the prime factors of w(h)?
3
Let f(l) = 2*l**3 - 4*l**2 + 7*l + 5. Let d be f(11). Suppose 0 = -7*r + d - 314. Suppose -r - 22 = -6*u. What are the prime factors of u?
2, 5
Let o(v) = 2*v**3 - 34*v**2 + 28. Let p be o(17). Suppose -p*k + 29*k = 139. What are the prime factors of k?
139
Let g(p) be the third derivative of p**6/360 + p**5/40 - p**4/8 + 7*p**3/6 - 5*p**2. Let j(a) be the first derivative of g(a). List the prime factors of j(-6).
3, 5
Suppose -1843095 = 7*f - 102*f. What are the prime factors of f?
3, 29, 223
Suppose 2*l + 19 = 2*p + 21, -5*p + 4 = -2*l. Suppose -u - 2186 = -2*c, p*c + 3284 = 5*c + u. What are the prime factors of c?
2, 547
What are the prime factors of (1 + -1)*(-34 + 33) - -17445?
3, 5, 1163
Suppose 1 = 8*r - 15. Let y(g) = 119*g**2 - 5*g + 8. List the prime factors of y(r).
2, 3, 79
Suppose -123*s + 156*s - 334785 = 0. What are the prime factors of s?
5, 2029
Let v be -13 + 11 - 3*4/6. Let a(p) = p**2 + 2*p - 5. Let r be a(v). Suppose r*w - 72 = 177. What are the prime factors of w?
83
Suppose 0 = -56*j - 122527 + 722511. What are the prime factors of j?
2, 11, 487
Suppose 177 = -5*y - w, -5*w - 4 = -3*w. Let p(i) = 18*i - 4. Let k be p(-1). Let z = k - y. List the prime factors of z.
13
Let x(u) be the third derivative of 0 + 1/120*u**6 - 10/3*u**3 + 0*u + 13/24*u**4 - 5*u**2 - 1/20*u**5. List the prime factors of x(6).
2, 83
Suppose -5*b + 7921 = -3*t, -36*t + 6330 = 4*b - 35*t. Suppose 0 = -5*n - 2*f + b, -4*n = 4*f - 455 - 809. What are the prime factors of n?
317
Suppose 5*y - 36454 = 52707 + 52029. List the prime factors of y.
2, 7, 2017
Let c(u) = u**3 - 12*u**2 - 11*u - 12. Let p be c(13). Suppose p*b - 320 = 4860. List the prime factors of b.
2, 5, 37
List the prime factors of -1 + 6/4 - (-96668)/8.
2, 3, 19, 53
Let h(b) = b**3 + 10*b**2 - 7*b - 186. What are the prime factors of h(15)?
2, 3, 7, 127
Suppose -2*w + 318 = 7*n - 3*n, 4*n - w = 315. Suppose -n = -15*f + 14*f. List the prime factors of f.
79
Suppose 2*s - 3*c - 5032 = 3709, 4*s - 17454 = 2*c. List the prime factors of s.
2, 5, 109
Suppose -130 = -46*b + 20*b. Suppose 7*r - b*r - 282 = 0. What are the prime factors of r?
3, 47
Suppose -72*i + 199*i = 1876567 - 382285. What are the prime factors of i?
2, 3, 37, 53
Let x = -33 + 30. Let c be ((-20)/(-6))/((-2)/x). Suppose c*s - 2*f - 83 = 167, -2*s + 100 = 4*f. What are the prime factors of s?
2, 5
Suppose -5*c + 88066 = 4*h, 5*h = -4*c + 2*c + 35223. List the prime factors of c.
2, 8807
Suppose 3*y - 4*v = 26398, -2*y = 5*y + v - 61616. What are the prime factors of y?
2, 3, 163
Suppose 2*l = 265 - 1427. What are the prime factors of 5 - 1 - (l + -48)?
3, 211
Let c(p) = 3*p**2 - 76*p - 4087. List the prime factors of c(94).
15277
Let i be (-10)/3 + (-54)/81. Let r be (i/8)/(2/(-4)). Let h = 37 - r. What are the prime factors of h?
2, 3
Suppose -4*j + 109*n = 113*n - 140896, -4*j = n - 140911. List the prime factors of j.
3, 11743
Let o(s) = s**2 + 2*s - 17. Suppose 3*r = -r + 188. Let p = r - 39. List the prime factors of o(p).
3, 7
Suppose -2*i + 35 = -5*m - 47, -2*m - i - 31 = 0. Let x be (5/(-2))/5*m. Suppose -x*j + 405 = -3*j. What are the prime factors of j?
3
List the prime factors of 24526 - (-14 - 54/(-6)).
3, 13, 17, 37
Suppose 3*t - 61 = -22. Let k(n) = 3*n**2 + 10*n + 11. What are the prime factors of k(t)?
2, 3
Suppose s = 4*l - 0*l - 136, 4*l - 4 = 0. Let a = -484 - s. Let m = -223 - a. List the prime factors of m.
3, 43
Suppose -629 = -2*u - 53. Suppose u = y - 528. Suppose -8*k + y = 208. List the prime factors of k.
2, 19
Let g = 61645 - 15271. What are the prime factors of g?
2, 3, 59, 131
Suppose 0 = y - 0 + 18. Let b be (-14)/21*3/(-2). What are the prime factors of 41/(1 + b - (-30)/y)?
3, 41
Let x be (3/(-9))/((-1)/981). Let s = x + 466. List the prime factors of s.
13, 61
Suppose -2*p + 11 = 7. Suppose 0 = 6*a + p*a - 40. Suppose -25 = -a*u, 2*s - 5*u - 28 = 49. List the prime factors of s.
3, 17
Suppose 0 = -k + 10586 + 9785. List the prime factors of k.
13, 1567
Let l(b) = b - 13. Let q be l(10). Let j be 1/(q*(-2)/(-18)). List the prime factors of 223/1 - (3 + j + -1).
